 Let n be 2 - 2 - -1 - -1. Suppose 2*o - r - 1 = 2, -n*o + v*r - 17 = 0. What is the units digit of o?
4
Suppose 0 = -4*b - 3*d - 0*d + 3417, 2550 = 3*b - 2*d. What is the units digit of b?
2
Suppose 0 = 2*b - 6. Suppose -4*w + 99 = b. Suppose 2*u - w = -0. What is the units digit of u?
2
Let v = 1104 - 543. What is the tens digit of v?
6
Let c = -1938 + 6230. What is the tens digit of c?
9
Suppose 0 = 6*n - 62 - 34. Let g = n + -59. Let r = 67 + g. What is the tens digit of r?
2
Let o(k) = -1699*k + 38. What is the units digit of o(-1)?
7
Let g = 14 + -11. Let b(v) = -12*v + v**3 - 10*v**2 + 16 + 4*v**g - 4*v**3. What is the units digit of b(11)?
5
Suppose 2*f - 47 = 3*u, 39 + 5 = 4*f + 4*u. Suppose -a - f = -5*a. Suppose -b + 99 = a*r, 0 = -4*r + 2*b + 1 + 113. What is the tens digit of r?
2
Let d(p) = 9*p + 54. What is the units digit of d(-5)?
9
What is the hundreds digit of (-60)/2*((7 - 16) + -66)?
2
Suppose -5*o + 4*i + 625 = 0, 5*i = o + 41 - 187. Let y = o + -44. What is the units digit of y?
7
Let a = 1314 - 935. What is the units digit of a?
9
Let k be (5/2)/((-25)/50). What is the units digit of k - (-1 + -4 - 167)?
7
Let r(j) = j**3 - 15*j**2 - 11*j + 7. Let x(d) = 2*d**3 - 30*d**2 - 23*d + 15. Let h(m) = 11*r(m) - 6*x(m). What is the units digit of h(16)?
3
Let f(j) = 2*j**3 + 5*j**2 + 2*j - 2. Let g be f(-3). Let p = g - -21. Suppose -p*r + 89 = -35. What is the tens digit of r?
3
Let c(n) = 22*n - 48. Let y(g) = 23*g - 46. Let m(z) = -5*c(z) + 6*y(z). What is the units digit of m(8)?
8
Suppose -29*k + 35*k = 5670. What is the hundreds digit of k?
9
Let b = 164 + 31. Let j = 279 - b. What is the units digit of j?
4
Let l be 15/((-55)/40 - -1). Let t = l - -41. What is the units digit of t?
1
Let r = 12 - 10. Let i be (-27)/r*8/6. Let h = i + 38. What is the units digit of h?
0
Suppose 5*o - 6 = -1. Suppose -o = i - 6. Suppose n + 42 = 4*g - 0*n, i*g = -2*n + 46. What is the units digit of g?
0
What is the units digit of 2634*-1*7/(-14)?
7
Let u = -24 - -28. Suppose 2*n = -2*w + 106, 3*w + w - 244 = u*n. What is the units digit of w?
7
Suppose -22*t = -496 - 1176. What is the units digit of t?
6
Let t(n) = -14*n**2 + 7*n - 15. Let u be t(-9). What is the tens digit of u/(-20) - 2/(-5)?
6
Suppose -4*d - 7 = -15, -5*d = -3*l + 707. What is the tens digit of l?
3
Let d = 4059 + -1986. What is the tens digit of d?
7
Let f = -113 + 395. What is the hundreds digit of f?
2
Let b(v) be the first derivative of -21*v**2/2 - 8*v + 5. Let u be b(-9). Suppose 4*t = u - 73. What is the tens digit of t?
2
Suppose 3*j + 955 = -2*p, -2*p + 4*j + 254 = 1202. What is the tens digit of p/70*10/(-2)?
3
Let g = 26 - 24. What is the units digit of 3/2 - (-65)/g?
4
What is the hundreds digit of 1 - (-6 - -715)*-2?
4
Let c = 44 - 33. Suppose 4*y = p + 131, -y = -3*p - 30 + c. What is the tens digit of y?
3
Let v = -1348 + 744. Let u = v - -878. What is the units digit of u?
4
Let x(n) = 2*n**2 - 46*n + 6. What is the units digit of x(27)?
2
Suppose 4*y = 8, z - 3*y + 0*y + 16 = 0. What is the units digit of (z*35/20)/(2/(-20))?
5
Suppose 4*x + 30 = 6. Suppose -290 = j - 11*j. Let k = j + x. What is the tens digit of k?
2
Suppose -4*w - 794 - 70 = 0. Let t = -68 - w. What is the hundreds digit of t?
1
Let n(l) = -l**2 + 6*l + 7. Let c be n(7). Let m = -659 + 411. What is the tens digit of c + m/(-4) + -4?
5
Suppose 9*v - 7*v = 34. Let b(n) = -n + 9. Let d be b(7). Let m = v + d. What is the tens digit of m?
1
Let d = 42 - 23. Let k = 26 - d. Suppose 5*y - 184 = -4*x, 0 = 3*y + k*x - 2*x - 100. What is the units digit of y?
0
Let t = 65 - 59. What is the tens digit of (t/4)/(-5 - 61/(-12))?
1
Let y be (-11)/88 + 34/16 + 0. Suppose t - 2*t - 174 = -w, 0 = y*w + 4*t - 366. What is the units digit of w?
7
Suppose -2*m - 387 = 5*s - 2561, 2 = s. What is the units digit of m?
2
Suppose 0 = f + 5, f = 14*h - 9*h - 230. What is the tens digit of h?
4
Let d(o) = 24*o + 127. What is the thousands digit of d(47)?
1
Let o be -6 + 10 - 1*-199. Let v = o - 93. Suppose -2*g - 4*a + 209 = 3*g, 2*g - v = 5*a. What is the units digit of g?
5
Suppose 0 = i + 4*g - 2701, 3*i = -3*g + 1471 + 6605. What is the hundreds digit of i?
6
Let y = 6652 + -4058. What is the units digit of y?
4
Let u(v) = -107*v - 87. What is the hundreds digit of u(-7)?
6
Let y be (-1 - (-40)/2) + 3. Let p be (-38)/(-10) + (-3)/(-15). Suppose -p*c = 4*o - 28, -3*o = -5*c - 3 + y. What is the units digit of c?
5
Suppose 30 + 20532 = 6*u. What is the units digit of u?
7
Let k(b) = -b**2 - 2. Let u be k(0). Let f be -2 + 2 + (u - -55). Let p = f - 32. What is the tens digit of p?
2
What is the tens digit of 4/18 + ((-57568)/(-63) - -4)?
1
Let z(o) = -o**3 + 6*o**2 + 8*o + 13. Let c be z(7). Let v be (-150)/c*(-2)/3. Suppose 11 = 3*f + 5*w, -13 = -3*f - 2*w - v. What is the units digit of f?
2
Let i(p) = p + 9. Let h be i(-10). Let o be (-1)/((-6)/(-5) + h). What is the units digit of (-30)/o*10/6?
0
Let h = -102 + -1. Let w(y) = 172*y**3 - 4*y**2 + 2*y. Let k be w(1). Let d = k + h. What is the tens digit of d?
6
Suppose 732 = 3*n - 0*n. Suppose 2*c - v = -2*v + 232, -2*c = -5*v - n. What is the tens digit of c?
1
Let q(r) be the third derivative of r**7/504 - r**4/4 - 5*r**2. Let o(g) be the second derivative of q(g). What is the units digit of o(2)?
0
Let i(o) = 19*o + 30*o + 27 - 9*o + 15*o. What is the tens digit of i(3)?
9
Let a(k) = -k**3 + 8*k**2 + 13*k - 3. Let n(x) = -x**2 - 8*x - 2. Let d be n(-7). Suppose 36 = 4*m - 5*p, d*m + 5*p - 24 = 21. What is the tens digit of a(m)?
3
Let y be (-897)/5 + 27/(-45). What is the tens digit of y/(-18)*(-86)/(-5)?
7
Let w = 1187 + 60. What is the thousands digit of w?
1
Let q be (-2 - -2) + 7 - 1. Let t = 311 - 72. Suppose t = q*g - 145. What is the tens digit of g?
6
Suppose -19*x = -6*x - 43719. What is the tens digit of x?
6
Suppose -5*a - 4*c + 2377 = 49, a = -5*c + 453. Let x = a + -271. What is the units digit of x?
7
Suppose 17*b = -5788 + 24369. What is the hundreds digit of b?
0
What is the hundreds digit of (1 + 23)*(1836/16)/9?
3
Suppose -5120*d = -5124*d + 10004. What is the hundreds digit of d?
5
Let d be (-6 - -1) + 45 + -2. Let h be (-2 - -2)/(2*1). Suppose -2*x + d = -h*x. What is the units digit of x?
9
Let n(j) be the third derivative of -j**4/2 + j**3 - 5*j**2. Let f be n(-7). Suppose f = 2*m + 36. What is the tens digit of m?
2
Suppose 3*x + 2*i - 44 = 0, 0*i + 4*i = -8. Suppose x - 31 = -3*a. Suppose -2*m = -p - 72, 0 = -3*m + 4*m - a*p - 18. What is the units digit of m?
8
Suppose -4432 = 34*s - 50*s. What is the hundreds digit of s?
2
Let w(h) = -h**2 - 6*h + 7. Let l be w(-7). Let t be l + 260/(-5) + 2. What is the tens digit of t/(-10)*(-34)/(-10)?
1
Let y = -17 - -50. Let d be (-4 - 125/(-6)) + (-5)/(-30). Let a = y + d. What is the units digit of a?
0
Suppose -217*x - 11316 = -223*x. What is the thousands digit of x?
1
Let d(x) = x**2 - 9*x - 13. Let n be d(9). Let k(i) = 37*i. Let g(v) = 75*v. Let b(a) = n*k(a) + 6*g(a). What is the tens digit of b(-1)?
3
Let n be ((-30)/(-12))/(2/28). Let f = 35 - n. Suppose 7*b - 357 = -f*b. What is the units digit of b?
1
Suppose -5*r + 123192 = 54*r. What is the thousands digit of r?
2
Let n = -26 - -25. What is the units digit of 2/((-3 - n)*(-3)/24)?
8
Let z(f) = -f**2 - 2*f - 2. Let m be z(-2). What is the tens digit of (1 + -3)/m - -53?
5
Let g(u) be the third derivative of 1/24*u**4 - 1/120*u**6 - 1/12*u**5 - 7/6*u**3 - 10*u**2 + 0 + 0*u. What is the tens digit of g(-6)?
2
Let d be (-1 - -5) + -1 - -114. Suppose 3*a + 3*j - j - 107 = 0, -3*a + d = -3*j. What is the units digit of a?
7
Let d(j) = 2*j**2 - 17*j + 96. What is the units digit of d(6)?
6
Let n be -1*3*-2 - 1. Let l(o) = -10*o**2 + 4*o + 24*o**2 - 1 - 13*o**2 - 4. What is the tens digit of l(n)?
4
Let m = 19 + -10. Suppose x + 22 = 164. Suppose 5*h - x = j, -136 = -m*h + 4*h + 3*j. What is the tens digit of h?
2
Suppose 5*l - u = 1, 0*l - 5*l - 11 = -4*u. Let y be 4 - 2 - (l - -9). What is the units digit of 43/(-1)*8/y?
3
What is the hundreds digit of 11/((-66)/(-8))*2*162?
4
Let c be (0 - 0) + -9 + -2. Let b(t) = -2 + 0*t**2 - 30*t - t**2 + 15*t. What is the tens digit of b(c)?
4
Suppose -2 = q, 3*k - 4*q - 242 = -0*q. S